se 2, what is -10110111010101111 + 11?
-10110111010101100
In base 16, what is -15f6 - -10?
-15e6
In base 11, what is -421404 + 1?
-421403
In base 5, what is 41443 - 1?
41442
In base 4, what is -113003 - 3132?
-122201
In base 10, what is -274 - 56?
-330
In base 15, what is -de3e - 5?
-de44
In base 7, what is 3 + -1234?
-1231
In base 6, what is 24 - -5224?
5252
In base 7, what is 2015621 + -4?
2015614
In base 5, what is -10 - 22314?
-22324
In base 3, what is -111222 - -1201022?
1012100
In base 7, what is 101542 - -153?
102025
In base 15, what is 4 + 2770?
2774
In base 15, what is 42 - 4301?
-42ae
In base 13, what is 37 - -1858?
1892
In base 3, what is 1 + -1120112121110?
-1120112121102
In base 5, what is 1132 - -4222?
10404
In base 2, what is 111101 - -111010?
1110111
In base 6, what is 1243 + -4113?
-2430
In base 13, what is -394a - -100?
-384a
In base 5, what is 442213 + 1400?
444113
In base 3, what is -201220 - -202?
-201011
In base 15, what is -85d + 4?
-859
In base 14, what is -68a3 + 8?
-6899
In base 10, what is 14463 - 37?
14426
In base 2, what is -111 - -1111010?
1110011
In base 13, what is -2 - -2a5b8?
2a5b6
In base 2, what is -1010001010110100 - 100?
-1010001010111000
In base 5, what is 23420 - -14?
23434
In base 6, what is 3121 - 45?
3032
In base 15, what is 11bd - 60?
115d
In base 9, what is 7071 - -21?
7102
In base 15, what is e - c20?
-c11
In base 10, what is -3 - 28868?
-28871
In base 11, what is -1416 - -65?
-1361
In base 4, what is -23 - -2030333112?
2030333023
In base 5, what is -144 - 11041222?
-11041421
In base 13, what is -5671 + 29?
-5645
In base 11, what is -292381 - 3?
-292384
In base 5, what is -210 - -322203?
321443
In base 10, what is 54 + -850?
-796
In base 10, what is 21288 + -8?
21280
In base 10, what is 2792348 + 1?
2792349
In base 2, what is 10001111000010110 - 101?
10001111000010001
In base 15, what is -41c630 + -2?
-41c632
In base 15, what is 11c - d?
10e
In base 9, what is 1073221 + 1?
1073222
In base 8, what is -441772 + 32?
-441740
In base 13, what is 10370 - -22?
10392
In base 2, what is -100011010101 - -101111?
-100010100110
In base 16, what is 3c5b3 + 3?
3c5b6
In base 15, what is 122e - -e8?
1327
In base 2, what is -100000000010110 + -111?
-100000000011101
In base 5, what is 32321201 + -10?
32321141
In base 5, what is 3240242 + 1?
3240243
In base 13, what is 2b8 + 113b?
1426
In base 3, what is -111 + -11122002?
-11122120
In base 9, what is -83 + -76377?
-76471
In base 6, what is 3 + -22511434?
-22511431
In base 9, what is 0 - 20868?
-20868
In base 16, what is -66 - -23ee?
2388
In base 15, what is -3 + 24c3?
24c0
In base 10, what is -9 + -5998?
-6007
In base 5, what is -10 + 12022?
12012
In base 15, what is 5 + -ec113?
-ec10d
In base 3, what is -210011 - -20?
-202221
In base 3, what is 11101 + 12?
11120
In base 3, what is -22102000 - 0?
-22102000
In base 10, what is -1149 - -78?
-1071
In base 10, what is -1 - 15115?
-15116
In base 15, what is -1 - 16a58?
-16a59
In base 7, what is 1241056 - 10?
1241046
In base 13, what is 785b9 + 3?
785bc
In base 16, what is -9c + 829?
78d
In base 5, what is 2010220 + -2?
2010213
In base 5, what is -1412421 + 201?
-1412220
In base 4, what is 300330321 + 12?
300330333
In base 13, what is -132 - 71?
-1a3
In base 5, what is -1144121 - -1?
-1144120
In base 11, what is -10070 - 21?
-10091
In base 11, what is -148 + -3?
-150
In base 11, what is 592 - -9?
5a0
In base 11, what is -11920a - 3?
-119212
In base 15, what is 9 - -5a6?
5b0
In base 4, what is -3 - -2331201?
2331132
In base 5, what is 3 - -10241331?
10241334
In base 14, what is -18b37c + 3?
-18b379
In base 5, what is -13 - 133401?
-133414
In base 14, what is 1 - -2b66?
2b67
In base 6, what is -31132151 + 1?
-31132150
In base 12, what is 1 + -2325a9?
-2325a8
In base 16, what is 2f4 + -a75?
-781
In base 12, what is 2114 + -3?
2111
In base 15, what is 0 + -356b9?
-356b9
In base 14, what is -553 - 4d?
-5a2
In base 10, what is -209 - 30?
-239
In base 8, what is 330 - -54701?
55231
In base 10, what is -204 - -116?
-88
In base 4, what is 23020 + 30112?
113132
In base 16, what is 7d1 - 8?
7c9
In base 7, what is 4 - -2664146?
2664153
In base 4, what is -113210 + -2321?
-122131
In base 12, what is 33 - -1471?
14a4
In base 14, what is -5 - -16102?
160db
In base 15, what is 37 - b5e6?
-b5ae
In base 12, what is 508 + 110?
618
In base 3, what is -222 - -10000?
2001
In base 11, what is 6 + 1232a?
12335
In base 6, what is -31230 - -243?
-30543
In base 14, what is -ba - 1475?
-1551
In base 15, what is 7 + 595b3?
595ba
In base 8, what is 255 - 6072?
-5615
In base 5, what is -100224 + 32330?
-12344
In base 5, what is 2433113 - 0?
2433113
In base 11, what is 643 + 165?
7a8
In base 5, what is -1010303 + -3?
-1010311
In base 9, what is 216 - 177?
28
In base 15, what is -193258 + 4?
-193254
In base 14, what is 3c9 + -870?
-485
In base 3, what is -1211022 - 20202?
-2002001
In base 15, what is 5 + 1946?
194b
In base 12, what is -111 - -872?
761
In base 12, what is -1 + 27061?
27060
In base 4, what is -1101031 + -131?
-1101222
In base 15, what is 16e + -ba7?
-a38
In base 10, what is -313 + 1643?
1330
In base 12, what is -8875 + 24?
-8851
In base 15, what is -117b - -169?
-1012
In base 4, what is -20322212 + 0?
-20322212
In base 2, what is 11000110010111110010 - -10?
11000110010111110100
In base 2, what is -111010111010111 - 11?
-111010111011010
In base 5, what is -203 + 32404?
32201
In base 9, what is -3 - 277623?
-277626
In base 8, what is 45555 + 13?
45570
In base 15, what is -63b8 - 3?
-63bb
In base 5, what is 2 + 21310243?
21310300
In base 14, what is 2 + 81084?
81086
In base 2, what is 11100101110101 - -1010100?
11100111001001
In base 10, what is -6540 + 42?
-6498
In base 13, what is 6 + -1423b?
-14235
In base 15, what is 63c458 + 2?
63c45a
In base 15, what is -9e70 - 44?
-9eb4
In base 12, what is 825 - -4?
829
In base 9, what is -11 + -5261?
-5272
In base 3, what is -1 - 221221201102?
-221221201110
In base 12, what is 3b2b - 107?
3a24
In base 4, what is -200112 + 31033?
-103013
In base 9, what is 1 + 53575?
53576
In base 11, what is 3775 - 200?
3575
In base 11, what is 2001 + -3?
1aa9
In base 5, what is -32 + -4221200?
-4221232
In base 12, what is -251 - 3102?
-3353
In base 14, what is b + 955?
962
In base 4, what is -1030 + -122331?
-130021
In base 10, what is 45140 - -4?
45144
In base 3, what is 10211210 + 1021?
10220001
In base 14, what is 5 - -3414?
3419
In base 7, what is 0 - -12433?
12433
In base 10, what is 3103 - -55?
3158
In base 9, what is 5 + -1456?
-1451
In base 5, what is 20122113 - 103?
20122010
In base 5, what is -20014 + 2033?
-12431
In base 9, what is 4 - 233800?
-233785
In base 8, what is -3 - -244222?
244217
In base 5, what is -10 - 131304?
-131314
In base 13, what is -27 - 2c361?
-2c388
In base 6, what is 1 - 13105543?
-13105542
In base 14, what is 7 + 35d21?
35d28
In base 12, what is -6 + 5705?
56bb
In base 7, what is 122 + 2202?
2324
In base 14, what is 1 - -5a3?
5a4
In base 14, what is 3 - -1cd90?
1cd93
In base 12, what is -81105 + -13?
-81118
In base 15, what is 6 + 1a937?
1a93d
In base 11, what is 84 - 2226?
-2152
In base 7, what is 303114 - 145?
302636
In base 3, what is -12220102 + -1210?
-12222012
In base 13, what is 8898 + 4?
889c
In base 15, what is -30ed + 74?
-3079
In base 6, what is -2240040 + 12?
-2240024
In base 16, what is ed426 + -4?
ed422
In base 8, what is 231 - 16330?
-16077
In base 10, what is -2 + 6106?
6104
In base 7, what is -1366126 + -3?
-1366132
In base 13, what is 294 + 1c1?
485
In base 8, what is 42517 - 11?
42506
In base 2, what is -100 + 11011010000010101101?
11011010000010101001
In base 7, what is 5 - 112631?
-112623
In base 3, what is -12200 - -21010110?
20220210
In base 9, what is 2845 + -7?
2837
In base 3, what is -11 - 2110111020?
-2110111101
In base 2, what is -110 + -100000111110010?
-100000111111000
In base 11, what is 74 - -933?
9a7
In base 6, what is 11 + 3321?
3332
In base 5, what is 30 - -10033?
10113
In base 4, what is -233 - 12012?
-12311
In base 7, what is -1525032 - 2?
-1525034
In base 15, what is -4 + 6a81e?
6a81a
In base 10, what is -98301 + -6?
-98307
In base 2, what is 11011111010 - 110101?
11011000101
In base 16, what is -15c69 - 5?
-15c6e
In base 15, what is -396a + 